51.
43, 157
List the prime factors of 3763.
53, 71
What are the prime factors of 61601?
229, 269
What are the prime factors of 13480?
2, 5, 337
What are the prime factors of 1940?
2, 5, 97
What are the prime factors of 18935?
5, 7, 541
What are the prime factors of 4225?
5, 13
What are the prime factors of 2891?
7, 59
List the prime factors of 12671.
12671
List the prime factors of 64569.
3, 21523
What are the prime factors of 10271?
10271
List the prime factors of 1835.
5, 367
What are the prime factors of 83358?
2, 3, 11, 421
What are the prime factors of 24343?
11, 2213
What are the prime factors of 1455?
3, 5, 97
What are the prime factors of 5086?
2, 2543
What are the prime factors of 9570?
2, 3, 5, 11, 29
List the prime factors of 4766.
2, 2383
What are the prime factors of 19899?
3, 11, 67
What are the prime factors of 9637?
23, 419
What are the prime factors of 490?
2, 5, 7
List the prime factors of 5787.
3, 643
What are the prime factors of 2201?
31, 71
List the prime factors of 11046.
2, 3, 7, 263
What are the prime factors of 33098?
2, 13, 19, 67
List the prime factors of 72254.
2, 7, 13, 397
What are the prime factors of 66354?
2, 3, 11059
What are the prime factors of 3003?
3, 7, 11, 13
What are the prime factors of 9960?
2, 3, 5, 83
List the prime factors of 10789.
10789
List the prime factors of 44029.
44029
What are the prime factors of 2379?
3, 13, 61
What are the prime factors of 133?
7, 19
List the prime factors of 4313.
19, 227
List the prime factors of 11442.
2, 3, 1907
List the prime factors of 1330.
2, 5, 7, 19
List the prime factors of 66711.
3, 37, 601
List the prime factors of 1960.
2, 5, 7
What are the prime factors of 1496?
2, 11, 17
List the prime factors of 108.
2, 3
What are the prime factors of 165?
3, 5, 11
List the prime factors of 14389.
14389
What are the prime factors of 76945?
5, 11, 1399
List the prime factors of 2580.
2, 3, 5, 43
List the prime factors of 328.
2, 41
List the prime factors of 144576.
2, 3, 251
List the prime factors of 11068.
2, 2767
What are the prime factors of 169?
13
List the prime factors of 2359.
7, 337
What are the prime factors of 135?
3, 5
List the prime factors of 49.
7
What are the prime factors of 8697?
3, 13, 223
What are the prime factors of 844?
2, 211
List the prime factors of 4404.
2, 3, 367
List the prime factors of 6608.
2, 7, 59
List the prime factors of 94647.
3, 7, 4507
What are the prime factors of 9260?
2, 5, 463
List the prime factors of 1404.
2, 3, 13
What are the prime factors of 21341?
21341
List the prime factors of 794.
2, 397
What are the prime factors of 1240?
2, 5, 31
List the prime factors of 4007.
4007
What are the prime factors of 26595?
3, 5, 197
List the prime factors of 30331.
7, 619
List the prime factors of 11516.
2, 2879
What are the prime factors of 17386?
2, 8693
What are the prime factors of 577?
577
List the prime factors of 1288.
2, 7, 23
What are the prime factors of 2634?
2, 3, 439
What are the prime factors of 1222?
2, 13, 47
What are the prime factors of 2759?
31, 89
What are the prime factors of 4213?
11, 383
List the prime factors of 115789.
89, 1301
What are the prime factors of 213?
3, 71
List the prime factors of 1250.
2, 5
What are the prime factors of 8002?
2, 4001
List the prime factors of 12493.
13, 31
What are the prime factors of 25360?
2, 5, 317
List the prime factors of 9112.
2, 17, 67
What are the prime factors of 9497?
9497
What are the prime factors of 1445?
5, 17
List the prime factors of 2789.
2789
List the prime factors of 8840.
2, 5, 13, 17
List the prime factors of 660.
2, 3, 5, 11
What are the prime factors of 12130?
2, 5, 1213
What are the prime factors of 499?
499
List the prime factors of 3151.
23, 137
What are the prime factors of 962?
2, 13, 37
List the prime factors of 6681.
3, 17, 131
What are the prime factors of 2504?
2, 313
List the prime factors of 11459.
7, 1637
List the prime factors of 3007.
31, 97
What are the prime factors of 464?
2, 29
List the prime factors of 1709.
1709
What are the prime factors of 2555?
5, 7, 73
What are the prime factors of 26695?
5, 19, 281
What are the prime factors of 39066?
2, 3, 17, 383
List the prime factors of 405.
3, 5
What are the prime factors of 107210?
2, 5, 71, 151
List the prime factors of 167.
167
What are the prime factors of 43034?
2, 21517
List the prime factors of 56822.
2, 28411
List the prime factors of 719.
719
List the prime factors of 13370.
2, 5, 7, 191
List the prime factors of 1504.
2, 47
List the prime factors of 1202.
2, 601
List the prime factors of 2750.
2, 5, 11
What are the prime factors of 8485?
5, 1697
List the prime factors of 1949.
1949
List the prime factors of 657.
3, 73
What are the prime factors of 186?
2, 3, 31
List the prime factors of 14781.
3, 13, 379
What are the prime factors of 26569?
163
What are the prime factors of 4924?
2, 1231
List the prime factors of 4020.
2, 3, 5, 67
What are the prime factors of 5713?
29, 197
List the prime factors of 125576.
2, 11, 1427
List the prime factors of 4065.
3, 5, 271
List the prime factors of 50.
2, 5
What are the prime factors of 66306?
2, 3, 43, 257
What are the prime factors of 3450?
2, 3, 5, 23
List the prime factors of 2916.
2, 3
List the prime factors of 307.
307
What are the prime factors of 1075?
5, 43
What are the prime factors of 170?
2, 5, 17
List the prime factors of 52661.
7, 7523
List the prime factors of 10935.
3, 5
What are the prime factors of 2174?
2, 1087
List the prime factors of 9406.
2, 4703
What are the prime factors of 70612?
2, 127, 139
List the prime factors of 2701.
37, 73
What are the prime factors of 497?
7, 71
What are the prime factors of 46091?
46091
List the prime factors of 74432.
2, 1163
List the prime factors of 14807.
13, 17, 67
List the prime factors of 32448.
2, 3, 13
List the prime factors of 1672.
2, 11, 19
What are the prime factors of 2075?
5, 83
What are the prime factors of 7382?
2, 3691
What are the prime factors of 23693?
19, 29, 43
What are the prime factors of 27214?
2, 11, 1237
List the prime factors of 13815.
3, 5, 307
List the prime factors of 88177.
88177
List the prime factors of 8549.
83, 103
What are the prime factors of 23140?
2, 5, 13, 89
List the prime factors of 506.
2, 11, 23
List the prime factors of 1432.
2, 179
What are the prime factors of 157268?
2, 39317
What are the prime factors of 2979?
3, 331
List the prime factors of 39536.
2, 7, 353
List the prime factors of 2367.
3, 263
List the prime factors of 93.
3, 31
List the prime factors of 999.
3, 37
What are the prime factors of 25585?
5, 7, 17, 43
List the prime factors of 1150.
2, 5, 23
What are the prime factors of 70698?
2, 3, 11783
List the prime factors of 12028.
2, 31, 97
List the prime factors of 8249.
73, 113
List the prime factors of 92416.
2, 19
List the prime factors of 7529.
7529
List the prime factors of 6106.
2, 43, 71
What are the prime factors of 41258?
2, 7, 421
List the prime factors of 2009.
7, 41
What are the prime factors of 14103?
3, 1567
List the prime factors of 948.
2, 3, 79
List the prime factors of 23181.
3, 7727
What are the prime factors of 3159?
3, 13
What are the prime factors of 619?
619
What are the prime factors of 971?
971
What are the prime factors of 1134?
2, 3, 7
List the prime factors of 2469.
3, 823
What are the prime factors of 354?
2, 3, 59
List the prime factors of 9655.
5, 1931
List the prime factors of 1327.
1327
What are the prime factors of 56405?
5, 29, 389
List the prime factors of 66028.
2, 17, 971
List the prime factors of 251.
251
What are the prime factors of 1156?
2, 17
What are the prime factors of 384?
2, 3
List the prime factors of 76711.
41, 1871
List the prime factors of 2041.
13, 157
List the prime factors of 12123.
3, 449
What are the prime factors of 1446?
2, 3, 241
List the prime factors of 50425.
5, 2017
List the prime factors of 11692.
2, 37, 79
What are the prime factors of 826?
2, 7, 59
List the prime factors of 5887.
7, 29
List the prime factors of 2344.
2, 293
What are the prime factors of 231?
3, 7, 11
What are the prime factors of 21971?
127, 173
List the prime factors of 7804.
2, 1951
What are the prime factors of 121839?
3, 17, 2389
List the prime factors of 1080.
2, 3, 5
List the prime factors of 3286